{"id":37,"date":"2022-01-04T16:02:19","date_gmt":"2022-01-04T16:02:19","guid":{"rendered":"https:\/\/algocare.cvl.tuwien.ac.at\/?page_id=37"},"modified":"2024-06-06T09:07:09","modified_gmt":"2024-06-06T09:07:09","slug":"news","status":"publish","type":"page","link":"https:\/\/algocare.cvl.tuwien.ac.at\/index.php\/news\/","title":{"rendered":"News"},"content":{"rendered":"\n<div class=\"wp-block-group\"><div class=\"wp-block-group__inner-container is-layout-flow wp-block-group-is-layout-flow\"><\/div><\/div>\n\n\n\n<h2 class=\"wp-block-heading has-larger-font-size\">Publications<\/h2>\n\n\n\n<p>Lehner, K. &amp; Gallistl, V. (forthcoming). Scirpting Vulnerability \u2013 Vulnerabilisierungen des Alter(n)s im Kontext Ku\u0308nstlicher Intelligenz. Schweizerisches Archiv fu\u0308r Volkskunde. Manuscript accepted for publication.<\/p>\n\n\n\n<p>Gallistl, V., von Laufenberg, R., Lehner, K. (forthcoming). Vulnerability Assemblages. Situating Vulnerability in the Political Economy of AI. SOCIUS &#8211; Sociological Research for a Dynamic World. Manuscript accepted for publication.<\/p>\n\n\n\n<p>Gallistl, V., Banday, M., Berridge, C., Grigorovich, A., Jarke, J., Mannheim, I., Marshall, B., Martin, W., Moreira, T., Van Leersum, C., Peine, Alexander. 2024. Addressing the Black Box of AI \u2013 A Model and Research Agenda on the Co-constitution of Aging and Artificial Intelligence. The Gerontologist, 2024, 64. DOI: <a href=\"https:\/\/doi.org\/10.1096\/geront\/gnae039\">https:\/\/doi.org\/10.1096\/geront\/gnae039<\/a><\/p>\n\n\n\n<p>Endter, C., Gallistl, V., Peine, A., Wanka, A. 2024. Altersassemblagen \u2013 Soziotechnische Innovationen und gelingendes Alter(n) aus der Perspektive der materiellen Gerontologie. Zeitschrift f\u00fcr Gerontologie und Geriatrie. DOI: <a href=\"https:\/\/doi.org\/10.1007\/s00391-024-02289-1 \">https:\/\/doi.org\/10.1007\/s00391-024-02289-1 <\/a><\/p>\n\n\n\n<p>M. Kampel and J. Lumetzberger. &#8220;KI und Ethik in Pflege und Medizin&#8221;, in Zeitschrift f\u00fcr Gesundheitspolitik, Ausgabe 01\/2024. <a href=\"https:\/\/www.ligforschung.at\/zeitschrift\/zeitschrift\/detail\/zgp-01-2024-ki-in-der-medizin-gekommen-um-zu-bleiben\">ZGP 01\/2024: KI in der Medizin: Gekommen, um zu bleiben! &#8211; Zeitschrift &#8211; Linzer Institut f\u00fcr Gesundheitssystem-Forschung (ligforschung.at) <\/a><\/p>\n\n\n\n<p>T. Heitzinger and M.&nbsp;Kampel.&nbsp;\u201c<a href=\"https:\/\/cvl.tuwien.ac.at\/wp-content\/uploads\/2019\/11\/FUS3D.pdf\"><em>A Fast Unified System for 3D Object Detection and Tracking<\/em><\/a>\u201d, accepted at the <em>International Conference on Computer Vision (ICCV)<\/em>, October 2023, Paris, France<\/p>\n\n\n\n<p>Strohmayer J. and Kampel M., \u201cBlind Modalities for Human Activity Recognition.\u201d In&nbsp;<em>Assistive Technology: Shaping a Sustainable and Inclusive World<\/em>, pp. 89-96. IOS Press, August 2023, doi:&nbsp;<a href=\"https:\/\/doi.org\/10.3233\/SHTI230601\">https:\/\/doi.org\/10.3233\/SHTI230601<\/a>.<\/p>\n\n\n\n<p>Gallistl, V. and von Laufenberg, R., 2023. Caring for data in later life \u2013 the datafication of ageing as a matter of care. In <em>Information, Communication &amp; Society<\/em>,&nbsp;doi:&nbsp;<a href=\"https:\/\/doi.org\/10.1080\/1369118X.2023.2279554\">10.1080\/1369118X.2023.2279554<\/a><\/p>\n\n\n\n<p>Gallistl, V. and Wanka, A., 2023. Spacetimematter of aging &#8211; The material temporalities of later life. In <em>Journal of Aging Studies 67 (2023)<\/em>. Elsevier Publishing. <a href=\"https:\/\/doi.org\/10.1016\/j.jaging.2023.101182\">https:\/\/doi.org\/10.1016\/j.jaging.2023.101182<\/a><\/p>\n\n\n\n<p>S. Noiret, S. Ravi, M. Kampel, F. Florez-Revuelta. 2022<em>.&nbsp;<\/em>\u201cOn The Nature of Misidentification With Privacy Preserving\u201d,<em>&nbsp;15th International Conference on PErvasive Technologies Related to Assistive Environments (PETRA \u201922), June 29-July 1 2022, Corfu, Greece.&nbsp; ACM, New York, NY, USA, 3 pages.&nbsp;<a href=\"https:\/\/doi.org\/10.1145\/3529190.3534760\">https:\/\/doi.org\/10.1145\/3529190.3534760<\/a><\/em><\/p>\n\n\n\n<p>S. Noiret, S. Ravi, M. Kampel, F. Florez-Revuelta. 2022<em>.&nbsp;<\/em>\u201cFairly Private: Investigating The Fairness of Visual Privacy Preservation Algorithms\u201d,<em>&nbsp; Accepted to the AAAI-23 Workshop on Privacy-Preserving Artificial Intelligence (PPAI-23)<\/em><\/p>\n\n\n\n<p>Vera Gallistl is co-editing a special issue in the Journal of Aging Studies on \u201e<a href=\"https:\/\/www.journals.elsevier.com\/journal-of-aging-studies\/call-for-papers\/material-gerontology-the-co-constitution-of-age-ing-bodies-spaces-and-things\">Material Gerontology &#8211; The Co-Constitution of Ageing Bodies, Spaces and Things<\/a>&#8220;<\/p>\n\n\n\n<p>Vera Gallistl is co-editing a special issue in Frontiers in Sociology on \u201cSocio-Gerontechnology \u2013 New Perspectives on the Digital Transformation of Later Life\u201d <a href=\"https:\/\/t.co\/UOSnVgSdY2\" target=\"_blank\" rel=\"noreferrer noopener\">bit.ly\/3yRykCl<\/a><\/p>\n\n\n\n<p>Noiret S., Lumetzberger J., Kampel M.&nbsp;\u201cBias and Fairness in Computer Vision Applications of the Criminal Justice System\u201d. IEEE Symposium Series on Computational Intelligence, 2021.<\/p>\n\n\n\n<h2 class=\"wp-block-heading has-larger-font-size\">Workshops<\/h2>\n\n\n\n<p>Sept 23rd 2022: \u201eBuilding a interdisciplinary vocabulary for Explainability, Transparency and Fairness in Care\u201c, TU Wien, online<\/p>\n\n\n\n<p>June 13th 2022: \u201cAI and Care: Riscs and Benefits\u201c, Austrian Parliament<\/p>\n\n\n\n<p>June 3rd 2022: \u201eData Protection in Care &#8211; Workshop\u201c: VICESSE<\/p>\n\n\n\n<p>March 4th, 2022: \u201eAlgorithmic Governance of Care and AI\u201c, Workshop TU Wien<\/p>\n\n\n\n<p>Oct 9th, 2021: Digital Nursing Applications &#8211; Ethics Workshop<\/p>\n\n\n\n<h2 class=\"wp-block-heading has-large-font-size\"><strong>Talks, Presentations, Conferences<\/strong><\/h2>\n\n\n\n<p>Gallistl, V. &amp; Lehner, K. (2023). Datafiziertes Alter(n) \u2013 Der \u201eData Gaze\u201c in der Entwicklung von k\u00fcnstlicher Intelligenz f\u00fcr die Pflege. Jahrestagung der Deutschen Gesellschaft f\u00fcr Gerontologie und Geriatrie 2023.<\/p>\n\n\n\n<p>Lehner, K., Gallistl, V., von Laufenberg, R., Kontrus, V. (2023). What is Bias anyway? The multiple Experts on Bias of Algorithms in Long-Term Care. STS Conference Graz 2023.<\/p>\n\n\n\n<p>Gallistl, V., von Laufenberg, R., Kampel, M. (2024). Brauchen wir faire KI f\u00fcr die Pflege? \u00d6sterreichischer Kongress f\u00fcr Gerontologie und Geriatrie, April 2024. Wien.<\/p>\n\n\n\n<p>Lehner, K., Gallistl, V. (2024). Datafiziertes Alter(n). Alter(n)sbilder in der Entwicklung von k\u00fcnstlicher Intelligenz f\u00fcr die Pflege. \u00d6sterreichischer Kongress f\u00fcr Gerontologie und Geriatrie, April 2024. Wien.<\/p>\n\n\n\n<p>Gallistl, V. Vortrag zum Symposium &#8220;Gegenw\u00e4rtige und zuk\u00fcnftige Public Health Herausforderungen f\u00fcr die Versorgung alter Menschen. Symposium der \u00d6GPH Kompetenzgruppe Gerontologie.&#8221; mit dem Titel &#8220;Braucht es faire KI f\u00fcr die Pflege? &#8211; K\u00fcnstliche Intelligenz (KI) in der Versorgung \u00e4lterer Menschen&#8221; zur Jahrestagung der \u00d6GGG 2024 vom 04.-06.04.2024.<\/p>\n\n\n\n<p>Gallistl, V. Pressekonferenz des WWTF mit dem Land N\u00d6 am 17.11.2023. Projektpr\u00e4sentation.<\/p>\n\n\n\n<p>Gallistl, V., von Laufenberg, R., Kampel, M. &amp; Lumetzberger, J.  Wie fair sind Algorithmen in der Pflege? Jahrestagung der \u00d6GGG 2023 &#8211; Trends in Geriatrie und Gerontologie, Salzburg.<\/p>\n\n\n\n<p>Gallistl, V. 2022. Risiko vermessen \u2013 zur sozio-technischen Materialisierung von Risiko am Beispiel des Sturzsensors. Kongress der Deutschen Gesellschaft f\u00fcr Gerontologie und Geriatrie, Frankfurt.<\/p>\n\n\n\n<p>Gallistl, V. &amp; von Laufenberg, R. 2022. Ageing in Algorithms. The Co-Constitution of Ageing and Technology in Artificial Intelligence. European Sociological Association Midterm Conference RN01 Ageing in Europe, Vienna.<\/p>\n\n\n\n<p>Gallistl, V. &amp; von Laufenberg, R. 2022. Ageing in Algorithms. The Co-Constitution of Ageing and Technology in Artificial Intelligence. Congress of the European and North American Network of Aging Studies, Bucarest.<\/p>\n\n\n\n<p>Gallistl, V. 2022. What is an Algorithm? Expanding Gerontology\u2019s Imagination on Ageing and Algorithms. International Workshop on Socio-Gerontechnology, Bristol.<\/p>\n\n\n\n<p>Kampel, M. 2021. \u201eMENSCHZENTRIERTE KI-FORSCHUNG: faire Algorithmen\u201d, Wirtschaftsagentur Wien, Austrian Institute of Technology, June 15th 2021, Online Presentation.<\/p>\n\n\n\n<p>Kampel, M. \u201eSocial Tech \u2013 Assistierende Technologien erfolgreich pilotieren\u201d, Wirtschaftsagentur Wien, Business Treff, Aug. 31st 2021, Invited Presentation<\/p>\n\n\n\n<p>Kampel, M. \u201ePflege, Demenz und K\u00fcnstliche Intelligenz\u201d, Digitaler Humanismus: digital Health: TU Wien und Wirtschaftsagentur Wien, Business Treff, Oct 20th 2021, Invited Presentation<\/p>\n\n\n\n<p>Kampel, M.\u201cNeue Technologien: Beitrag zur Inklusion oder Gefahr neuer H\u00fcrden?\u201d, Jahrestagung \u00d6KSA \u2013 \u00d6sterreichisches Komitee f\u00fcr Soziale Arbeit, Nov 11th 2021, Online Keynote Presentation<\/p>\n\n\n\n<p>Kampel, M. \u201cHerausforderungen des digitalen Humanismus in der Pflege\u201d, Workshop: Gemeinsam forschen auf Augenh\u00f6he \u2013 Einbindung von Nutzer*innen in AAL-Projekten, AAL Austria, Nov 16th 2021, Invited Presentation.<\/p>\n\n\n\n<p>Kampel, M. \u201cLosing Control? Algorithmic governance of Care\u201d, Vienna Art Week, Nov 18th 2021, Invited Presentation.<\/p>\n\n\n\n<p>von Laufenberg, R. 2022. Algorithmic Governance of Care \u2013 Constructing Age into Artificial Intelligence. Symposium on Critical Explorations of Ageing Bodies and Socio-Gerontechnology, Online.<\/p>\n\n\n\n<p>von Laufenberg, R. 2022. The Power of Simulation: Synthesising Ground Truth for AI Systems. 4th International Data Power Conference, Dialogues in Data Power, Bremen.<\/p>\n\n\n\n<p>Roger von Laufenberg, organised the Social Science Track of the International Digital Security Forum, titled \u201cUnderstanding the challenges of digital societies\u201d, on the 1. June 2022 in Vienna. <a href=\"https:\/\/idsf.io\/\">https:\/\/idsf.io\/<\/a><\/p>\n\n\n\n<h2 class=\"wp-block-heading has-large-font-size\">Networks<\/h2>\n\n\n\n<p>Socio-Gerontechnology Network (<a href=\"https:\/\/www.socio-gerontechnology.net\/\">https:\/\/www.socio-gerontechnology.net\/<\/a>) Special Interest Group \u201cAgeing Bodies and Artificial Intelligence\u201d<\/p>\n\n\n\n<p>\u201cGoodBrother\u201d Network on Privacy-Aware Audio- and Video-Based Applications for Active and Assisted Living COST Action 19121 (<a href=\"https:\/\/goodbrother.eu\/\">https:\/\/goodbrother.eu\/<\/a>)<\/p>\n\n\n\n<p>NET4Age-Friendly, COST Action 19136 (<a href=\"https:\/\/www.net4age.eu\/\">https:\/\/www.net4age.eu\/<\/a> )<\/p>\n\n\n\n<p>KI \u2013 Mensch \u2013 Gesellschaft &#8211; Den Wandel des Mensch-Technik-Verh\u00e4ltnisses durch K\u00fcnstliche Intelligenz ganzheitlich verstehen und bewerten (KIMeGe) (<a href=\"https:\/\/www.kimege.de\/beteiligte\/\">https:\/\/www.kimege.de\/beteiligte\/<\/a>)<\/p>\n\n\n\n<p><\/p>\n","protected":false},"excerpt":{"rendered":"<p>Publications Lehner, K. &amp; Gallistl, V. (forthcoming). Scirpting Vulnerability \u2013 Vulnerabilisierungen des Alter(n)s im Kontext Ku\u0308nstlicher Intelligenz. Schweizerisches Archiv fu\u0308r Volkskunde. Manuscript accepted for publication. Gallistl, V., von Laufenberg, R., Lehner, K. (forthcoming). Vulnerability Assemblages. Situating Vulnerability in the Political Economy of AI. SOCIUS &#8211; Sociological Research for a Dynamic World. Manuscript accepted for publication. [&hellip;]<\/p>\n","protected":false},"author":5,"featured_media":0,"parent":0,"menu_order":0,"comment_status":"closed","ping_status":"closed","template":"","meta":{"footnotes":""},"class_list":["post-37","page","type-page","status-publish","hentry"],"_links":{"self":[{"href":"https:\/\/algocare.cvl.tuwien.ac.at\/index.php\/wp-json\/wp\/v2\/pages\/37","targetHints":{"allow":["GET"]}}],"collection":[{"href":"https:\/\/algocare.cvl.tuwien.ac.at\/index.php\/wp-json\/wp\/v2\/pages"}],"about":[{"href":"https:\/\/algocare.cvl.tuwien.ac.at\/index.php\/wp-json\/wp\/v2\/types\/page"}],"author":[{"embeddable":true,"href":"https:\/\/algocare.cvl.tuwien.ac.at\/index.php\/wp-json\/wp\/v2\/users\/5"}],"replies":[{"embeddable":true,"href":"https:\/\/algocare.cvl.tuwien.ac.at\/index.php\/wp-json\/wp\/v2\/comments?post=37"}],"version-history":[{"count":15,"href":"https:\/\/algocare.cvl.tuwien.ac.at\/index.php\/wp-json\/wp\/v2\/pages\/37\/revisions"}],"predecessor-version":[{"id":156,"href":"https:\/\/algocare.cvl.tuwien.ac.at\/index.php\/wp-json\/wp\/v2\/pages\/37\/revisions\/156"}],"wp:attachment":[{"href":"https:\/\/algocare.cvl.tuwien.ac.at\/index.php\/wp-json\/wp\/v2\/media?parent=37"}],"curies":[{"name":"wp","href":"https:\/\/api.w.org\/{rel}","templated":true}]}}